(w) be the second derivative of w**4/12 + 4*w**3/3 + 49*w. What is m(-8)?
0
Let t be (-39)/(-13) + 0 + 1*-1. Let x(u) = 2*u**t + 3*u + 10*u**3 + 1 - 3*u + 2*u. Give x(-1).
-9
Let c = 421/2562 + 1/427. Let s(p) be the third derivative of 1/2*p**3 + 1/120*p**6 + 0*p + 0 + c*p**4 + p**2 + 1/20*p**5. Give s(-2).
-1
Suppose 43*l + 4*l = -47. Let p(h) = 18*h. Give p(l).
-18
Let o(k) = -4*k + 1. Let t be (-106 - -3) + 2 + -2 - 0. Let f = t + 104. Give o(f).
-3
Let i(t) = -t**2 + 3*t + 3. Let m be (-12)/10*(-25)/10. Suppose -2*a = 4*y - 2 - 4, -2 = -a - m*y. Suppose 0 = -a*b - 5 + 20. What is i(b)?
3
Let x = -3845 + 3839. Let l(b) = -6*b - 4 + 2 + b**2 + 13*b. Give l(x).
-8
Let m(i) = i**2 + 1. Suppose 2*g - 4*g + 9 = w, -3*w - 3*g + 18 = 0. Suppose s - 4 = w*s. Give m(s).
5
Let h be 4 + -3 + (-1 - (2 - 1)). Let o(a) = -3 + 12*a**2 + 2 - a - 4*a**2. Determine o(h).
8
Let q(z) = -5*z**2 + 11*z**2 - 5*z**2 - 6 - 6*z + 5*z - 7. Give q(5).
7
Suppose -6*l = 5*s - l - 15, 5*s + 5 = 5*l. Let f(k) = -2*k + 0*k + 0*k - 10*k**2 - s. Let b(c) = -2*c**2 - 16*c - 15. Let a be b(-7). What is f(a)?
-9
Let v(p) = p**3 - 2153*p + 1 + 4304*p - 2147*p - 6*p**2. What is v(5)?
-4
Let l = -7 - -12. Let u(k) be the second derivative of -k**3/6 + 3*k**2/2 - 41*k. Let n be u(l). Let x(p) = 2*p**2 + p + 1. Give x(n).
7
Let u(t) = 4*t**3 - 3*t**3 - 11*t + 11*t + 4 - 3*t**2. Give u(3).
4
Suppose 21 = -q + 25. Let h(l) = -2*l**2 + 7*l - 6. Give h(q).
-10
Suppose -4*g - 33 + 29 = 0. Let q(p) = 5*p + 1. Give q(g).
-4
Let b(p) = 3*p - 11. Suppose 507*m - 501*m - 30 = 0. What is b(m)?
4
Let o be 1/2*(0/(-3))/10. Let b(a) = a**3 + a**2 - a + 4. Calculate b(o).
4
Let v(o) = -10*o + 5 + 2*o - 2 - 7. Calculate v(3).
-28
Let y(m) = 3151*m + 17 - 8 - 3140*m. Determine y(5).
64
Let c(t) = 2*t + 4. Let p be 1 - ((1 - 0) + -4). Suppose -3*m = a - 23, -a + 27 = p*m + 4*a. Suppose 2*s + 2 = m. Give c(s).
10
Let a = 235 + -77. Let h(b) = 1 + a*b**2 + 12*b**3 - 79*b**2 + 2*b - 78*b**2. Let s(n) = 2*n + 1. Let f be s(-1). What is h(f)?
-12
Let l(j) = -j**3 - 5*j**2 + 3*j - 5. Let z(p) be the third derivative of -p**4/24 + 4*p**3/3 - 6*p**2. Let q be z(-5). Suppose -4*y - q = 11. What is l(y)?
13
Suppose 145 = -13*m - 63. Let w(k) = -k**2 - 18*k - 29. Determine w(m).
3
Suppose 0*y = 3*y - 24. Suppose 0 = s + 2 - y. Let d(x) = -x**3 + 5*x**2 + 4*x + 4. Determine d(s).
-8
Let f(p) = p**2 - 6*p + 4. Let u(w) = 2*w**2 - 11*w + 9. Suppose 4*i + 7 = -1. Let o(s) = i*u(s) + 5*f(s). Calculate o(6).
-10
Let k(r) be the third derivative of -7*r**4/4 + 19*r**2. What is k(1)?
-42
Let r(s) = 15*s - 540. Let w be r(36). Let l(a) = -a + 43. Give l(w).
43
Let z(u) = -u**2 + 9*u - 19. Let s = 20 + -12. What is z(s)?
-11
Let i be ((-10)/15*3)/2. Let z(a) = a**2 + a + 1. Let t(y) = 5*y**2 + 9*y + 4. Let c(v) = i*t(v) + 4*z(v). Give c(-6).
-6
Let g(a) = -13*a. Let d(v) = -20*v + 1. Let o(r) = -5*d(r) + 8*g(r). Give o(-2).
3
Let z be (-1)/(-1*(-1)/(-2)). Let p(c) be the first derivative of 4 - 3*c + 1/2*c**z. Calculate p(7).
4
Let w(l) = -l**3 - 6*l**2 - 4*l. Suppose -5*k - 10 = 4*q, -k - 13 = -2*q + 5*q. Give w(q).
-5
Let r(v) be the third derivative of 0 + 1/6*v**3 + 0*v - 6*v**2 - 1/6*v**4. Let c = -3 + 2. Give r(c).
5
Let b(c) = -25*c**2 + 67*c**2 + 2 - 25*c**2 - c - 4*c - 14*c**2. What is b(4)?
30
Let t(s) = 12*s**2 - 11*s + 2*s**2 - 3*s**2 - s**3 + 0*s + 3. What is t(10)?
-7
Let l = -421 + 419. Let g(q) = 2*q**2 - 5. Give g(l).
3
Let c = -1440 - -1442. Let z(a) = -13*a + 5. Let k(y) = -84*y + 32. Let i(m) = 5*k(m) - 32*z(m). What is i(c)?
-8
Let z(k) be the first derivative of -k**4/4 + 5*k**3/3 - k**2 + k - 2. Let t be (19 - 20)*-1*3. What is z(t)?
13
Let c(t) = -t + 6. Let l be c(2). Let d(g) = 0*g - l*g + 0*g**2 - g**2. Let i be (-4)/(-14) - (-60)/(-14). Calculate d(i).
0
Let w(s) be the second derivative of 1/2*s**2 - s + 1/20*s**5 + 0 + 1/4*s**4 + 1/6*s**3. Let l = -111 + 108. What is w(l)?
-2
Let l(w) = -51*w + w**2 + 94*w - 2*w**2 - 45*w + 6. Determine l(-5).
-9
Let a(k) = 2*k**2 + 6*k + 1. Let r = 75 - 79. Determine a(r).
9
Let c(a) = a**3 + 3*a**2 - 2. Let r be c(-2). Let o(f) = -4*f + r*f + 7 - 4. Determine o(4).
-5
Let k = -5 + 27. Suppose -k + 2 = -4*d. Let h(n) = -4*n**2 - 3*n**2 + n**3 + 3*n + 3*n**2 + 4 - d. Calculate h(4).
11
Let z(r) = -5*r - 4. Suppose -4*k = 3*i - 3*k - 10, -4*i - k + 12 = 0. Let d(j) = j + 1. Let p(o) = i*d(o) + z(o). Determine p(-2).
4
Suppose 8*d - 19 = 21. Suppose -w - 4*u - 22 = -4*w, 0 = 2*w - d*u - 10. Let f be (w/6)/(3/(-9)). Let o(g) = g**2 + 8*g + 7. Determine o(f).
-8
Let k be (770/66 + -12)*114/(-2). Let i(n) = -n**2 + 18*n + 20. Determine i(k).
1
Let l = -231 + 226. Let h(c) = 2*c**2 + 19*c - 15. Let u(y) = y**2 + 9*y - 7. Let n(w) = -3*h(w) + 7*u(w). What is n(l)?
-9
Let b be 4/2*1/2. Let c(n) = 0 + 8*n**3 + 106*n - 107*n + 0 + 0. Give c(b).
7
Let z be (-22)/(-10) - (-18)/(-90). Let w be 64/(-16) + 4*z. Let d(o) = 0*o - o + w*o - o. Calculate d(-3).
-6
Let i(x) be the second derivative of x**3/6 - 5*x**2/2 - 285*x. Suppose 4*l + 5*u + 9 = 0, 0*l = 5*l + 4*u. Calculate i(l).
-1
Let z(r) = r + 8. Suppose 0 = -3*j + 2*j, -l + 12 = -j. Suppose 0 = 2*s - 0*s + l. Calculate z(s).
2
Let u(o) = o**2 - o + 6. Let w(k) = 5*k**2 + 2*k. Let g(c) = 4*c**2 + 2*c. Let f(p) = -4*g(p) + 3*w(p). Let s be f(-2). Calculate u(s).
6
Let m(z) = -z**3 - 3*z**2 - z. Suppose -10*k - 72 = -8*k. Let g = k + 34. Calculate m(g).
-2
Let s(c) be the first derivative of 0*c**2 - 7/6*c**3 - 1/12*c**4 + 3 - 4*c. Let y(j) be the first derivative of s(j). What is y(-5)?
10
Let v be 2/(((-6)/(-10))/(-3)). Let m be 2/5 + 14/v. Let b = 5 + m. Let p(l) = l**3 - 4*l**2 - 4. Give p(b).
-4
Let o(g) = 17*g + 1. Let v(j) = 47*j + 2. Let q(a) = -11*o(a) + 4*v(a). Determine q(10).
7
Let f(a) be the third derivative of -a**5/60 - a**4/6 + a**3 - a**2. Let v(o) = 3*o - 45. Let c be v(13). Calculate f(c).
-6
Let a = -213 - -212. Let d(z) = z**3 + z**2. Give d(a).
0
Let b(o) = 3*o**2 + 2*o - 1. Suppose -16 = 5*s - s, -14 = -3*y + 2*s. Suppose -3*h + 6 = -0*h. Suppose 0*f + 2 = y*f - h*t, 0 = -f + 4*t + 1. Calculate b(f).
4
Let b be -4 + (-24)/(13 + -10). Let j(q) = q**2 + 16*q + 40. Give j(b).
-8
Let c(n) = n. Let d be c(-4). Let y be (2/8*-2)/((-3)/12). Let q(h) = -3*h - h**2 + y*h + 6 - 1. Calculate q(d).
-7
Let t(m) = m**2 - 4*m + 2. Let s(x) = x**2 - 2*x + 1. Let q(k) = 2*s(k) - t(k). Give q(2).
4
Let v(z) = -57. Let m(y) = y - 14. Let w(t) = 3*m(t) - v(t). What is w(-9)?
-12
Let h(s) = s**2 - 2*s. Let a = -1 - -3. Calculate h(a).
0
Let w(y) = -y**3 - y**2 - 15. Let f = 44 - -58. Let i = 102 - f. Calculate w(i).
-15
Suppose 17 = 4*z + 5*m, 4*z - 8*z = 4*m - 12. Let n be (6/4)/(z/(-4)). Let k(b) = b**3 - 3*b**2 + 4. What is k(n)?
4
Let r be 0/(-1 + (2 - 0)). Let f(s) = r*s - 4 - 1 + 3*s - 1. Suppose -18 = -2*g + 5*j, -5*g + 2*j = -2*j - 28. What is f(g)?
6
Let g(m) = -2*m - 1. Suppose 67*f = 71*f - 100. Suppose 5*i + 0*i = -3*j - f, -5*i + j - 25 = 0. Determine g(i).
9
Let i(z) = -z**3 + 3*z**2 + 3*z + 3. Suppose -21 = -5*k + 2*q, -5*q - 12 = -k - 2*q. Suppose -k = 2*h - 11. Determine i(h).
-1
Let k(d) = 8 - 10 - 2*d + d**3 + 2 + 4*d**3 - 3*d**2. Determine k(-1).
-6
Let q be ((-130)/20)/(((-1)/2)/1). Let h(g) = -1 - 10*g - 3 + q*g. Determine h(3).
5
Let i(x) be the third derivative of x**4/24 + x**3/6 + x**2. Let t be (13 + -14)/((-2)/(-74)). Let a = t - -40. Calculate i(a).
4
Let g = -1 + 4. Let m be (-3)/(-15)*15/g. Let j(h) = 6*h**3 + 1. Calculate j(m).
7
Suppose -3*d = -2*w, -4*w - d = 3*d. Let j = 0 + w. Let g(a) = 12*a + j - 7*a + 1 + a**2. Determine g(-6).
7
Let n(b) = b + 3. Let a(x) = -4*x - 13. Let k(v) = a(v) + 3*n(v). Give k(-2).
-2
Let n(l) be the second derivative of -l**5/20 + l**4/4 + 5*l**3/6 + 2*l. Suppose 5*f = -2*h + 20, f - 8 = -f - 2*h. What is n(f)?
4
Let f(y) = -y**3 - 3*y**2 + 4*y + 4. Suppose -2*l = -6*l - 16. Let s be f(l). Let r(z) be the first derivative of z**4/4 - z**3 - z**2 + 2. Calculate r(s).
8
Let v(d) be the first derivative of -9*d**2/2 - 9*d - 53. Calculate v(-2).
9
Let f(j) = -2*j - 6. Let m be f(-7). Let q be ((-20)/(-8))/5*m. Let y(l) = -l**2 + 6*l - 2. Calculate y(q).
6
Let o(b) be the second derivative of b**4/12 + 11*b**3/6 + 3*b**2 - 43*b. What is o(-8)?
-18
Let